{"id":36,"date":"2025-12-20T17:33:20","date_gmt":"2025-12-20T17:33:20","guid":{"rendered":"https:\/\/docusacademy.docusflix.com\/?page_id=36"},"modified":"2025-12-20T17:52:29","modified_gmt":"2025-12-20T17:52:29","slug":"histoire-geo","status":"publish","type":"page","link":"https:\/\/docusacademy.docusflix.com\/?page_id=36","title":{"rendered":"Histoire &amp; G\u00e9o"},"content":{"rendered":"\n<h1 class=\"wp-block-heading\"><strong>Histoire &amp; G\u00e9ographie : comprendre le monde \u00e0 travers le temps et l\u2019espace<\/strong><\/h1>\n\n\n\n<p>L\u2019histoire et la g\u00e9ographie ne sont pas seulement des dates et des cartes : ce sont des r\u00e9cits qui expliquent comment les soci\u00e9t\u00e9s se sont construites et comment le monde fonctionne. Elles nous permettent de comprendre les peuples, les cultures, les conflits, mais aussi les grands mouvements \u00e9conomiques, politiques et environnementaux. Ce bloc vous plonge dans l\u2019aventure humaine \u00e0 travers le temps et l\u2019espace.<\/p>\n\n\n\n<p><\/p>\n\n\n\n<p>Depuis les premi\u00e8res cit\u00e9s sum\u00e9riennes jusqu\u2019aux empires antiques comme l\u2019\u00c9gypte, la Gr\u00e8ce et Rome, les civilisations ont construit le monde. Chaque soci\u00e9t\u00e9 a d\u00e9velopp\u00e9 ses connaissances, ses croyances, ses techniques et ses arts. L\u2019histoire nous montre comment ces peuples ont influenc\u00e9 notre culture actuelle et pos\u00e9 les fondations de la modernit\u00e9.<\/p>\n\n\n\n<p>Le monde s\u2019ouvre aux hommes gr\u00e2ce aux explorations. De Marco Polo \u00e0 Christophe Colomb, de Magellan aux explorateurs contemporains, chaque voyage a modifi\u00e9 la perception de la plan\u00e8te et des peuples. La g\u00e9ographie et l\u2019histoire se rencontrent pour raconter la soif de connaissance et le courage humain.<\/p>\n\n\n\n<p>La soci\u00e9t\u00e9 change avec les r\u00e9volutions, qu\u2019elles soient industrielles, politiques ou sociales. L\u2019histoire nous enseigne comment les mouvements populaires, les innovations technologiques et les conflits ont fa\u00e7onn\u00e9 les nations et transform\u00e9 la vie quotidienne.<\/p>\n\n\n\n<p>Comprendre le monde d\u2019aujourd\u2019hui n\u00e9cessite de revenir sur le XX\u1d49 et XXI\u1d49 si\u00e8cle : guerres mondiales, crises \u00e9conomiques, mouvements sociaux et enjeux environnementaux. La g\u00e9ographie permet de visualiser les impacts et de relier les \u00e9v\u00e9nements \u00e0 leur contexte spatial et culturel.<\/p>\n\n\n\n<p>PATRICE ATALLAH<\/p>\n","protected":false},"excerpt":{"rendered":"<p>Histoire &amp; G\u00e9ographie : comprendre le monde \u00e0 travers le temps et l\u2019espace L\u2019histoire et la g\u00e9ographie ne<\/p>\n","protected":false},"author":1,"featured_media":32,"parent":0,"menu_order":0,"comment_status":"closed","ping_status":"closed","template":"","meta":{"footnotes":""},"class_list":["post-36","page","type-page","status-publish","has-post-thumbnail","hentry"],"_links":{"self":[{"href":"https:\/\/docusacademy.docusflix.com\/index.php?rest_route=\/wp\/v2\/pages\/36","targetHints":{"allow":["GET"]}}],"collection":[{"href":"https:\/\/docusacademy.docusflix.com\/index.php?rest_route=\/wp\/v2\/pages"}],"about":[{"href":"https:\/\/docusacademy.docusflix.com\/index.php?rest_route=\/wp\/v2\/types\/page"}],"author":[{"embeddable":true,"href":"https:\/\/docusacademy.docusflix.com\/index.php?rest_route=\/wp\/v2\/users\/1"}],"replies":[{"embeddable":true,"href":"https:\/\/docusacademy.docusflix.com\/index.php?rest_route=%2Fwp%2Fv2%2Fcomments&post=36"}],"version-history":[{"count":2,"href":"https:\/\/docusacademy.docusflix.com\/index.php?rest_route=\/wp\/v2\/pages\/36\/revisions"}],"predecessor-version":[{"id":39,"href":"https:\/\/docusacademy.docusflix.com\/index.php?rest_route=\/wp\/v2\/pages\/36\/revisions\/39"}],"wp:featuredmedia":[{"embeddable":true,"href":"https:\/\/docusacademy.docusflix.com\/index.php?rest_route=\/wp\/v2\/media\/32"}],"wp:attachment":[{"href":"https:\/\/docusacademy.docusflix.com\/index.php?rest_route=%2Fwp%2Fv2%2Fmedia&parent=36"}],"curies":[{"name":"wp","href":"https:\/\/api.w.org\/{rel}","templated":true}]}}